193.
187
Calculate the remainder when 76487177 is divided by 34.
29
What is the remainder when 8179133 is divided by 64?
61
What is the remainder when 11813429 is divided by 34?
27
What is the remainder when 59817388 is divided by 949?
20
Calculate the remainder when 16218355 is divided by 90.
85
What is the remainder when 577002 is divided by 115391?
47
What is the remainder when 35172542 is divided by 69?
68
Calculate the remainder when 4423464 is divided by 62300.
164
What is the remainder when 9195584 is divided by 46678?
18
Calculate the remainder when 4703864 is divided by 46111.
542
What is the remainder when 1154680 is divided by 4320?
1240
What is the remainder when 168637213 is divided by 37?
19
What is the remainder when 482619 is divided by 104?
59
Calculate the remainder when 885189 is divided by 146.
137
Calculate the remainder when 74735139 is divided by 24911710.
9
What is the remainder when 2232028 is divided by 134?
124
Calculate the remainder when 19467781 is divided by 488.
485
What is the remainder when 369774449 is divided by 414?
413
Calculate the remainder when 4138571 is divided by 467.
17
Calculate the remainder when 313063 is divided by 493.
8
Calculate the remainder when 10181518 is divided by 24.
22
What is the remainder when 1879540 is divided by 626444?
208
Calculate the remainder when 1202417 is divided by 12024.
17
Calculate the remainder when 7070612 is divided by 131.
18
What is the remainder when 6664868 is divided by 3332400?
68
Calculate the remainder when 2333751 is divided by 5583.
57
What is the remainder when 555800768 is divided by 1123?
1116
What is the remainder when 667762 is divided by 333868?
26
Calculate the remainder when 1209153 is divided by 1046.
1023
What is the remainder when 342179 is divided by 170979?
221
Calculate the remainder when 73605 is divided by 2707.
516
What is the remainder when 43778551 is divided by 112?
103
Calculate the remainder when 673941851 is divided by 5052.
5051
Calculate the remainder when 3131165 is divided by 1035.
290
What is the remainder when 29451957 is divided by 65?
2
What is the remainder when 1961640 is divided by 1961633?
7
Calculate the remainder when 3200416 is divided by 114.
94
What is the remainder when 83107 is divided by 5190?
67
Calculate the remainder when 469446 is divided by 93872.
86
What is the remainder when 3280931 is divided by 2114?
3
What is the remainder when 51377870 is divided by 3341?
3313
Calculate the remainder when 90858 is divided by 22084.
2522
Calculate the remainder when 768178 is divided by 32000.
178
What is the remainder when 138170 is divided by 137?
74
What is the remainder when 149997336 is divided by 221?
216
What is the remainder when 14608927 is divided by 4326?
25
Calculate the remainder when 25560148 is divided by 70608.
52
What is the remainder when 15452311 is divided by 618092?
11
What is the remainder when 749893 is divided by 187471?
9
What is the remainder when 14944155 is divided by 17?
16
What is the remainder when 36090016 is divided by 227?
194
What is the remainder when 61301 is divided by 30222?
857
What is the remainder when 190172 is divided by 879?
308
What is the remainder when 757402 is divided by 23665?
122
What is the remainder when 18836078 is divided by 516?
14
Calculate the remainder when 387642864 is divided by 1893.
3
What is the remainder when 116015 is divided by 925?
390
What is the remainder when 4787423 is divided by 300?
23
Calculate the remainder when 6424927 is divided by 1343.
15
Calculate the remainder when 90551314 is divided by 121.
117
Calculate the remainder when 729778 is divided by 18708.
166
What is the remainder when 5362604 is divided by 114?
44
Calculate the remainder when 30372 is divided by 30201.
171
Calculate the remainder when 727592 is divided by 94.
32
Calculate the remainder when 6890191 is divided by 459342.
61
What is the remainder when 2650463 is divided by 95?
58
What is the remainder when 8364943 is divided by 836493?
13
What is the remainder when 912692 is divided by 456306?
80
What is the remainder when 508935 is divided by 3583?
149
Calculate the remainder when 268560 is divided by 133990.
580
What is the remainder when 10594420 is divided by 3531370?
310
Calculate the remainder when 45401 is divided by 4090.
411
Calculate the remainder when 34024939 is divided by 111.
109
What is the remainder when 1890597 is divided by 44?
5
Calculate the remainder when 130361 is divided by 10726.
1649
What is the remainder when 268790 is divided by 3842?
3692
What is the remainder when 3219968 is divided by 699?
374
Calculate the remainder when 4309 is divided by 56.
53
Calculate the remainder when 1844674 is divided by 46.
28
Calculate the remainder when 30158875 is divided by 1514.
1509
What is the remainder when 161137 is divided by 508?
101
Calculate the remainder when 1086680 is divided by 18095.
980
What is the remainder when 423309 is divided by 70550?
9
What is the remainder when 35213 is divided by 7013?
148
Calculate the remainder when 1042804 is divided by 82.
10
What is the remainder when 237588 is divided by 21571?
307
What is the remainder when 49622 is divided by 3698?
1548
What is the remainder when 361790567 is divided by 49?
47
Calculate the remainder when 1538409 is divided by 12816.
489
Calculate the remainder when 23036978 is divided by 206.
204
What is the remainder when 56092 is divided by 18656?
124
Calculate the remainder when 782176859 is divided by 347.
342
Calculate the remainder when 27979114 is divided by 3169.
13
What is the remainder when 21412134 is divided by 1873?
1871
Calculate the remainder when 5729946 is divided by 2891.
2875
Calculate the remainder when 3107024 is divided by 20307.
53
Calculate the remainder when 91319 is divided by 10360.
8439
What is the remainder when 61712 is divided by 1530?
512
What is the remainder when 8690367 is divided by 89?
51
What is the remainder when 159213795 is divided by 186?
27
Calculate the remainder when 164598 is divided by 1524.
6
What is the remainder when 20788 is divided by 17984?
2804
Calculate the remainder when 6678 is divided by 6480.
198
Calculate the remainder when 14815668 is divided by 11423.
37
What is the remainder when 569349 is divided by 142321?
65
What is the remainder when 13760744 is divided by 1720091?
16
What is the remainder when 15820976 is divided by 3021?
3020
Calculate the remainder when 82052 is divided by 1916.
1580
What is the remainder when 29042 is divided by 14478?
86
Calculate the remainder when 6728445 is divided by 54.
45
What is the remainder when 506098 is divided by 3921?
289
Calculate the remainder when 341360 is divided by 1484.
40
Calculate the remainder when 160259475 is divided by 3.
0
What is the remainder when 13874790 is divided by 2?
0
Calculate the remainder when 1943528 is divided by 6941.
48
Calculate the remainder when 458010 is divided by 244.
22
Calculate the remainder when 8765 is divided by 71.
32
Calculate the remainder when 1278400 is divided by 916.
580
What is the remainder when 342601 is divided by 28548?
25
What is the remainder when 9647672 is divided by 6?
2
What is the remainder when 139601 is divided by 378?
119
Calculate the remainder when 786117555 is divided by 174.
171
Calculate the remainder when 7349572 is divided by 10222.
10176
What is the remainder when 1422192102 is divided by 6869?
6866
Calculate the remainder when 94785838 is divided by 30129.
4
Calculate the remainder when 11534905 is divided by 476.
473
What is the remainder when 279065 is divided by 274887?
4178
Calculate the remainder when 50566283 is divided by 319.
317
What is the remainder when 39149 is divided by 43?
19
What is the remainder when 387302 is divided by 9434?
508
What is the remainder when 4914216 is divided by 12?
0
What is the remainder when 898047 is divided by 25657?
52
What is the remainder when 131525479 is divided by 548?
547
Calculate the remainder when 2732 is divided by 1468.
1264
Calculate the remainder when 8901620 is divided by 533.
520
Calculate the remainder when 792951 is divided by 37639.
2532
What is the remainder when 8227 is divided by 94?
49
What is the remainder when 595370847 is divided by 10495?
10487
Calculate the